 5225791?
5225791
List the prime factors of 367748.
2, 89, 1033
What are the prime factors of 270472?
2, 33809
List the prime factors of 674150.
2, 5, 97, 139
List the prime factors of 1462019.
13, 41, 211
What are the prime factors of 11662230?
2, 3, 5, 149, 2609
List the prime factors of 21686621.
11, 73, 113, 239
List the prime factors of 27394266.
2, 3, 31, 4751
What are the prime factors of 2192211?
3, 7, 1657
List the prime factors of 62079.
3, 20693
What are the prime factors of 4837671?
3, 179173
List the prime factors of 46014.
2, 3, 7669
List the prime factors of 159622.
2, 79811
What are the prime factors of 200386?
2, 100193
List the prime factors of 45375.
3, 5, 11
What are the prime factors of 10076060?
2, 5, 503803
List the prime factors of 143196.
2, 3, 11933
List the prime factors of 329654.
2, 13, 31, 409
List the prime factors of 4817223.
3, 53, 10099
List the prime factors of 351518.
2, 175759
List the prime factors of 856995.
3, 5, 19, 31, 97
What are the prime factors of 31053?
3, 11, 941
List the prime factors of 125078.
2, 62539
List the prime factors of 9562948.
2, 2390737
What are the prime factors of 31751518?
2, 131, 121189
What are the prime factors of 15380679?
3, 257, 19949
List the prime factors of 5712649.
31, 184279
List the prime factors of 1476295.
5, 295259
What are the prime factors of 286824?
2, 3, 17, 19, 37
List the prime factors of 11751040.
2, 5, 7, 43, 61
List the prime factors of 726894.
2, 3, 7, 641
List the prime factors of 5084112.
2, 3, 11, 9629
List the prime factors of 399086.
2, 383, 521
What are the prime factors of 1531518?
2, 3, 255253
List the prime factors of 335415.
3, 5, 59, 379
What are the prime factors of 4631183?
31, 149393
List the prime factors of 6277.
6277
List the prime factors of 3251778.
2, 3, 67, 8089
List the prime factors of 2115393.
3, 7, 100733
What are the prime factors of 1595988?
2, 3, 43, 1031
What are the prime factors of 1330007?
7, 27143
What are the prime factors of 410544?
2, 3, 2851
What are the prime factors of 66795?
3, 5, 61, 73
What are the prime factors of 1861461?
3, 7, 67
List the prime factors of 31140218.
2, 15570109
What are the prime factors of 1181623?
241, 4903
What are the prime factors of 2496940?
2, 5, 124847
What are the prime factors of 579520?
2, 5, 1811
List the prime factors of 16567673.
17, 109, 8941
List the prime factors of 7422967.
59, 125813
What are the prime factors of 140043?
3, 46681
What are the prime factors of 1018439?
1018439
List the prime factors of 574289.
574289
What are the prime factors of 17919970?
2, 5, 29, 61, 1013
List the prime factors of 232907.
232907
List the prime factors of 3175863.
3, 23, 46027
List the prime factors of 14194746.
2, 3, 29, 71, 383
What are the prime factors of 542266?
2, 17, 41, 389
List the prime factors of 3031071.
3, 1010357
List the prime factors of 204522.
2, 3, 89, 383
List the prime factors of 492849.
3, 7, 7823
List the prime factors of 183035.
5, 36607
What are the prime factors of 13451796?
2, 3, 373661
List the prime factors of 1521409.
883, 1723
List the prime factors of 58553.
11, 5323
What are the prime factors of 435645?
3, 5, 7, 461
What are the prime factors of 143144?
2, 29, 617
List the prime factors of 83791.
83791
List the prime factors of 1388088.
2, 3, 13, 1483
What are the prime factors of 42317?
11, 3847
What are the prime factors of 138088?
2, 41, 421
What are the prime factors of 43214?
2, 17, 31, 41
List the prime factors of 1086976.
2, 11, 193
List the prime factors of 177092.
2, 44273
What are the prime factors of 18279916?
2, 149, 30671
List the prime factors of 410120.
2, 5, 10253
List the prime factors of 15183167.
269, 56443
What are the prime factors of 103216?
2, 6451
What are the prime factors of 3086245?
5, 617249
List the prime factors of 1475333.
197, 7489
List the prime factors of 108064.
2, 11, 307
What are the prime factors of 146277?
3, 16253
What are the prime factors of 262450?
2, 5, 29, 181
List the prime factors of 100870.
2, 5, 7, 11, 131
List the prime factors of 13169.
13, 1013
What are the prime factors of 115571?
115571
List the prime factors of 126060.
2, 3, 5, 11, 191
What are the prime factors of 2262073?
11, 23, 8941
List the prime factors of 2926646.
2, 19, 77017
What are the prime factors of 623755?
5, 11, 1031
What are the prime factors of 2248981?
7, 17, 18899
What are the prime factors of 350594?
2, 307, 571
List the prime factors of 3739287.
3, 1246429
List the prime factors of 207691.
11, 79, 239
List the prime factors of 394097.
11, 3257
What are the prime factors of 19398803?
19398803
List the prime factors of 571322.
2, 285661
What are the prime factors of 3814237?
7, 109, 4999
List the prime factors of 43544.
2, 5443
List the prime factors of 11925112.
2, 1490639
List the prime factors of 1039775.
5, 11, 19, 199
List the prime factors of 1032218.
2, 11, 46919
List the prime factors of 8287869.
3, 211, 13093
List the prime factors of 126168.
2, 3, 7, 751
What are the prime factors of 337365?
3, 5, 7, 17
List the prime factors of 17189150.
2, 5, 11, 31253
What are the prime factors of 254081?
23, 11047
List the prime factors of 10135746.
2, 3, 187699
List the prime factors of 42025344.
2, 3, 109441
What are the prime factors of 145688?
2, 18211
List the prime factors of 588085.
5, 117617
List the prime factors of 154065.
3, 5, 10271
What are the prime factors of 8513383?
997, 8539
What are the prime factors of 2452138?
2, 13, 37, 2549
List the prime factors of 1192725.
3, 5, 19, 31
List the prime factors of 6642149.
6642149
List the prime factors of 531657.
3, 7, 29, 97
What are the prime factors of 1408826?
2, 31, 733
List the prime factors of 363811.
7, 51973
What are the prime factors of 36808788?
2, 3, 557, 5507
List the prime factors of 4727638.
2, 29, 37, 2203
What are the prime factors of 1000152?
2, 3, 29, 479
List the prime factors of 2678977.
7, 54673
List the prime factors of 512353.
512353
List the prime factors of 32998.
2, 7, 2357
What are the prime factors of 56079?
3, 31, 67
List the prime factors of 502040.
2, 5, 7, 11, 163
List the prime factors of 4074697.
11, 370427
What are the prime factors of 11298503?
1123, 10061
List the prime factors of 5733195.
3, 5, 13, 29401
List the prime factors of 227612.
2, 7, 11, 739
What are the prime factors of 7485136?
2, 31, 15091
List the prime factors of 2010449.
7, 53, 5419
What are the prime factors of 741282?
2, 3, 123547
What are the prime factors of 121172?
2, 30293
What are the prime factors of 405750?
2, 3, 5, 541
List the prime factors of 173936.
2, 7, 1553
What are the prime factors of 4880425?
5, 11, 17747
List the prime factors of 505297.
13, 47, 827
List the prime factors of 2152972.
2, 631, 853
What are the prime factors of 122992?
2, 7687
What are the prime factors of 7469818?
2, 3734909
What are the prime factors of 750697?
23, 127, 257
List the prime factors of 2421978.
2, 3, 13, 31051
What are the prime factors of 47194?
2, 7, 3371
List the prime factors of 3910443.
3, 1303481
What are the prime factors of 307655?
5, 37, 1663
What are the prime factors of 18349?
59, 311
What are the prime factors of 1285222?
2, 29, 22159
What are the prime factors of 83728?
2, 5233
List the prime factors of 344197.
7, 49171
List the prime factors of 659834.
2, 7, 6733
What are the prime factors of 440101?
440101
What are the prime factors of 4751961?
3, 23, 61, 1129
List the prime factors of 1228330.
2, 5, 122833
List the prime factors of 240858.
2, 3, 13381
List the prime factors of 3533293.
3533293
List the prime factors of 179781.
3, 7, 1223
List the prime factors of 5781408.
2, 3, 60223
What are the prime factors of 296287?
296287
List the prime factors of 943229.
7, 127, 1061
List the prime factors of 16032068.
2, 13, 308309
What are the prime factors of 589950?
2, 3, 5, 19, 23
List the prime factors of 2001595.
5, 97, 4127
What are the prime factors of 7645050?
2, 3, 5, 7, 809
List the prime factors of 21.
3, 7
What are the prime factors of 4616091?
3, 512899
List the prime factors of 11849824.
2, 7, 52901
What are the prime factors of 5448304?
2, 340519
What are the prime factors of 2454249?
3, 7, 19, 6151
What are the prime factors of 4695895?
5, 939179
What a